 = -210 + 215. Let z be f/(-6) + (-33875)/(-150). Calculate the highest common factor of z and 75.
75
Suppose -5*d + 390 = 5*g, 3*g = -d - 21 + 105. Let x = 44 + -79. Let s be (3 - 36/4)/(14/x). What is the greatest common divisor of s and d?
15
Suppose 5*o + i - 10 = -2*i, o - i = 10. Let z be (-10)/o + (-6 - 60). Let j = z + 122. Calculate the greatest common factor of j and 216.
54
Let m be (12870/(-63))/((-58)/14 + 4). Calculate the highest common divisor of m and 10.
10
Let y be ((-100)/(2 - 3))/(4/10). Let s = 254 - 79. Let m = y - s. What is the highest common factor of m and 30?
15
Suppose 0 = -4*b - w + 27025, 1220*b = 1225*b + 2*w - 33779. Calculate the highest common factor of 466 and b.
233
Let h = -28 - -39. Let a = 557 - 480. Calculate the highest common divisor of h and a.
11
Suppose 8*l = 11*l - 33. Suppose -l*g + 2*g = -18. Suppose -275 = -g*x - 3*x. Calculate the highest common factor of x and 5.
5
Let w(y) = -36*y + 491. Let r be w(13). Calculate the highest common factor of 23483 and r.
23
Suppose 145 = 2*n - 5*o, n - 4*o - 226 = -158. What is the highest common divisor of 340 and n?
20
Suppose -21468 = -5*k - 22*k - 3000. Calculate the greatest common divisor of 45 and k.
9
Suppose -5*s + 15 = 0, 3*f - 195 = -f - s. Let w be ((192/10)/(-4))/(106/(-3180)). What is the highest common divisor of w and f?
48
Let q(d) = 2*d**2 + 10*d - 242. Let c be q(19). Let j = -11 - -21. What is the highest common factor of c and j?
10
Let k = -15 - -60. Let v be (-3)/(-4) + 6/(-8). Suppose v = -30*a + 805 + 95. What is the highest common factor of a and k?
15
Let s = -25755 - -41947. Let w be s/207 - (-4)/(-18). Calculate the greatest common divisor of w and 624.
78
Let t = 1014 - 684. Suppose 0*r = r - 4. Suppose l + 28 = 5*i - 4*i, 2*i - 52 = r*l. Calculate the greatest common factor of i and t.
30
Suppose 7963 = 225*j - 812. Let y be (-418)/(-8) + (-2)/8. What is the greatest common factor of y and j?
13
Suppose q - 13 = -3*l + 69, 4*q - 188 = 8*l. Calculate the greatest common factor of q and 16409.
61
Let u = -1038 + 1198. Suppose -400 = 13*k - 15*k. Calculate the greatest common factor of u and k.
40
Let t = 2186 + -1526. Let y be 1 + 67 + (20 - 15) + -13. What is the greatest common factor of y and t?
60
Let i = 14701 + -14650. Calculate the highest common divisor of i and 4131.
51
Let o(l) = l**3 + 2*l**2 - 6*l + 7. Let h be o(5). Let y be 16*((-50882)/(-416))/103. What is the greatest common divisor of h and y?
19
Suppose -9161 = -21*c - 2105. Calculate the greatest common divisor of 105 and c.
21
Let b be 56/10*275/22. Suppose b = 12*y - 5*y. Calculate the greatest common divisor of 8 and y.
2
Let s be (9/((-9)/(-1)))/((-2)/562). Let y = s - -290. What is the greatest common divisor of y and 2?
1
Suppose 92*m = 7336 + 10696. Calculate the greatest common divisor of 539 and m.
49
Let a = 14822 + -14150. What is the highest common divisor of 1056 and a?
96
Suppose 7*g - 9*g = -16. Suppose -764 - 1084 = -g*t. What is the greatest common factor of 44 and t?
11
Suppose -26*w = 13*w - 1599. Let t be 11680/400*(w + -1). Calculate the greatest common factor of t and 16.
16
Let k be 13/(156/738)*(20 + -6). What is the highest common factor of k and 42?
21
Let b(o) = o**3 - 15*o**2 - 46*o + 511. Let i be b(18). Calculate the highest common factor of i and 2358.
131
Suppose 2*x + 470 + 56 = 4*i, -5*i = 3*x - 663. Calculate the greatest common factor of 363 and i.
33
Suppose -6384 = -12*u + 4*u. Suppose -4*d + 2*n + 642 = 0, -5*d - n - n = -u. What is the greatest common factor of 20 and d?
20
Let j(g) = g**2 + 22*g + 5. Let p be j(-22). Suppose -p*i - 4*x = -163, 3*x - 131 = i - 5*i. Calculate the highest common factor of i and 5.
5
Let g = -4174 + 4278. What is the greatest common factor of g and 247?
13
Let o = 38348 + -38324. Calculate the highest common divisor of o and 8196.
12
Let n(w) = -w**2 + 7*w - 4. Let t be n(2). Let q(z) = 28*z + 16. Let c be q(t). Calculate the highest common divisor of c and 8.
8
Let f(d) = 31*d + 2434. Let v be f(-70). Calculate the greatest common divisor of v and 3828.
132
Let t(c) = -c**2 - 86*c - 867. Let m be t(-12). Suppose 0 = -3*z - 2*i + 95, -4*i = -2*z + 19 + 71. Calculate the highest common factor of m and z.
7
Let z(q) = 277*q - 50 + 279*q - 579*q. Let s be z(-5). What is the greatest common divisor of 1 and s?
1
Let p(r) = -13*r**2 + 30*r + 14*r**2 - 39 - 2*r. Let h be p(-30). Calculate the highest common factor of 147 and h.
21
Suppose 5*y = 2*c + 12132 + 3338, -4*y + 12409 = 5*c. Suppose 0 = 21*d - 2448 - y. Calculate the greatest common factor of d and 198.
66
Let u = 11025 - 6908. Calculate the greatest common factor of u and 69.
23
Suppose 616 - 697 = -p. Suppose 3*s + s = 128. Suppose k - 20 = -2*o, 4*o - k - s = k. Calculate the greatest common divisor of o and p.
9
Suppose 180 = 2*l + t + 37, 380 = 5*l - 2*t. Calculate the highest common factor of l and 2590.
74
Let v be 1*(-94)/(-6) - 4/6. Suppose -v*m + 11*m + z + 23 = 0, -34 = -5*m - 4*z. Calculate the highest common factor of m and 22.
2
Suppose 3*q - x = 1, -5*q + 4*x = 8 + 2. Suppose 2*h = -i + 21, -i - 3*i = q*h - 108. What is the greatest common divisor of i and 319?
29
Let m(v) = 139*v - 7108. Let n be m(65). Calculate the highest common factor of 41 and n.
41
Let u(t) = t**3 - 12*t**2 + 3*t + 48. Let w be u(12). Suppose -c = o - w, -4*o - c + 109 = -215. Calculate the greatest common divisor of o and 32.
16
Let k = 463 + -457. Suppose -24*b + 20*b + 4*o = -4, -2*o + k = 0. Calculate the highest common factor of 100 and b.
4
Let z be (115/15 - 8)*(-9 + -9). Suppose -2*c - 3*c = -390. Calculate the highest common divisor of c and z.
6
Let k = -1025 - -1613. Suppose 3*b = -y + 78, 30*b - 31*b = y - 82. What is the greatest common factor of k and y?
84
Suppose j = -4, 5*b + 4*j - 5*j = 34. Suppose 4*a + 40 = b*a. Let q be ((-12)/10)/(9/(-30)). What is the greatest common divisor of q and a?
4
Let r = 3613 + -3592. Suppose 66 + 18 = 4*t. Calculate the greatest common factor of r and t.
21
Let x(c) = -c**2 - 19*c - 68. Let q be x(-13). What is the greatest common divisor of q and 1370?
10
Let o = 552 - 468. Calculate the greatest common factor of 111 and o.
3
Let m = -24 + 21. Let v be (5 + m)/((-13)/15 + 1). Calculate the greatest common divisor of v and 30.
15
Suppose -13*y + 8*y = 3*k - 11867, -2*k + 7906 = -2*y. What is the greatest common factor of 6 and k?
6
Suppose 476 + 334 = 6*d. Suppose -7*p - 357 = -462. Calculate the greatest common factor of d and p.
15
Let m = 3302 + -3297. Calculate the greatest common factor of m and 905.
5
Suppose 3*q = -o + 320, -4*o = 3*q - 7*q - 1280. Let f be (-93)/2*(-15)/(150/o). What is the highest common factor of 93 and f?
93
Let o be (192/(-132))/(-5 - (-265)/55). Calculate the highest common divisor of o and 22384.
8
Suppose -30828*w + 30885*w = 12996. Calculate the highest common factor of 190 and w.
38
Suppose 51 = 3*q - 3*d, 8 = q + d - 3. Let t = q + -8. Let i(k) = 11*k + 4. Let b be i(0). Calculate the highest common divisor of b and t.
2
Let o be (-1)/((-5)/20) + -2. Suppose o*u - 6 = 0, 3*v + 43 - 124 = -2*u. Calculate the greatest common divisor of v and 5.
5
Suppose -4*r + 791*a + 14312 = 787*a, 5*r - 4*a - 17882 = 0. What is the highest common factor of r and 330?
30
Let w be (12 + -232)/(-10) + 126. Calculate the greatest common divisor of w and 21534.
74
Let o(g) = -2*g**3 - 33*g**2 - 109*g - 1581. Let r be o(-17). What is the highest common divisor of r and 77?
11
Let o be 1891 - (7747/(-854) - 1/(-14)). Calculate the highest common divisor of 80 and o.
20
Let o be ((-161)/(-3))/(-8 + 175/21). Let f = 187 - o. Suppose -2*c = -4*c + 234. Calculate the highest common divisor of f and c.
13
Suppose 0 = -4*s - 14092 - 4976. Let f be s/(-9)*6/2. Let i = f + -1085. What is the greatest common factor of i and 56?
56
Let r be 68/36*(40 - 31). Calculate the highest common factor of 6511 and r.
17
Suppose -29*n + 1393 - 349 = 0. Calculate the greatest common factor of 486 and n.
18
Let n(r) = -r**3 + 12*r**2 + 15*r - 18. Let p be n(13). Suppose 4*y + 187 = 5*k - 0*y, p = 4*y. What is the highest common factor of 65 and k?
13
Let r be 27/(-12)*(5253/(-153) - -33). Let k(x) = -x**2 -